 - 1679. What is the units digit of y?
3
Suppose -290*b + 9816109 = 99*b - 6359678. What is the tens digit of b?
8
Let w = -2344 + 5798. Let i = -2344 + w. What is the thousands digit of i?
1
Let s(w) = -17*w**3 + w**2 - 5*w - 82. What is the thousands digit of s(-5)?
2
Let r(n) be the third derivative of -7*n**4/8 + 5*n**3/3 - n**2 + 8*n. What is the tens digit of r(-7)?
5
Suppose 5*h - 1290 = 4*z - 310, -3*z - 185 = -h. What is the tens digit of h?
0
Suppose 30*p - 103162 - 23618 = 0. What is the thousands digit of p?
4
Let a(l) = 26*l**2 - 48*l - 271. What is the ten thousands digit of a(-24)?
1
Suppose -2*u + 35*s + 15162 = 34*s, -3*u + s + 22743 = 0. What is the tens digit of u?
8
Let p = -7405 + 13295. What is the thousands digit of p?
5
Let t = -130 + 74. What is the units digit of (-2)/(-8) + (-6594)/t?
8
What is the hundreds digit of (7863*3)/(9 - 792/96)?
4
Suppose 4*j - 2*z = 5158, 50*j + 3*z + 5153 = 54*j. What is the tens digit of j?
9
Let i = -596 + 599. Suppose -2*c = 6, i*y - 4*c = -y + 2272. What is the hundreds digit of y?
5
Suppose y + 6*x - 27150 = 0, 4*y - 80242 = -5*x + 28396. What is the thousands digit of y?
7
Let l(f) = 151*f**2 - 75*f + 47. What is the ten thousands digit of l(13)?
2
Suppose -97589 + 247832 = 16*x - 176797. What is the hundreds digit of x?
4
Suppose 3*r + 67 = -422. Let p = 349 + r. Suppose -3*f - f + 283 = 3*n, 3*n = 3*f - p. What is the tens digit of f?
6
Let t(d) = -5*d**2 + 17*d - 14. Let i(z) = 15*z**2 - 48*z + 42. Let p(l) = 4*i(l) + 11*t(l). What is the units digit of p(-9)?
4
Let y(j) = -18*j - 74. Let q be (28/21)/(1/(-18)). Let p be y(q). Suppose -3*o + 236 = -p. What is the units digit of o?
8
Let y(h) = 1193*h**2 + 105*h + 492. What is the ten thousands digit of y(-8)?
7
Suppose 5*c - 2*b + 521 = 0, 0 = -2*b - 0 - 4. Let l be (12/5)/((-3)/c*-2). What is the hundreds digit of (-3)/2*4676/l?
1
What is the units digit of (8/5)/(38 + 1142658/(-30070))?
6
Suppose -27*h + 23*h = -32. Suppose 0 = -h*i + 1891 + 5133. What is the hundreds digit of i?
8
Suppose 5*f + 7*f - 8*f = 0. Suppose f = 4*g + m - 272 + 1, 3*m + 291 = 4*g. What is the units digit of g?
9
Suppose -20*q = 589699 + 157161. What is the units digit of (-12 + 0)*q/428?
7
Let r = -567 - -272. Let c = r + 433. What is the tens digit of c?
3
Let l = -736 + 77945. What is the units digit of l?
9
Let m = -2434 - -9806. What is the thousands digit of m?
7
Suppose -9*k + 33*k - 26688 = 0. Suppose -9*u + k = -7*u. What is the units digit of u?
6
Suppose -8809590 = -192*c - 117*c. What is the thousands digit of c?
8
Suppose -x + 12 = 11. What is the units digit of (-451)/(-5) - (x - 20/25)?
0
Suppose 22 + 22 = -11*v. What is the units digit of ((-624)/(-195))/(v/(-1030))?
4
Suppose -3*q - 6 = 0, -90 = 2*l - 8*q + 3*q. Let u = -13 + 7. What is the units digit of l/u + (-3)/9?
8
Suppose -933 + 4561 = 3*s - r, -s = 2*r - 1221. Suppose 4*m = -s + 5147. What is the units digit of m?
4
Suppose 4*v + 2*x - 373 = 3*v, 5*x - 1860 = -5*v. Suppose -185 + v = 2*y. What is the units digit of y?
3
Let x(a) = 5*a**2 - 102*a - 290. What is the thousands digit of x(45)?
5
Let d = -55573 + 83935. What is the tens digit of d?
6
Let j(p) = 55*p**3 + p + 1. Let k(n) = 220*n**3 + 4*n + 5. Let q(g) = 9*j(g) - 2*k(g). Let u(l) = l - 5. Let i be u(6). What is the tens digit of q(i)?
5
Suppose -2*h + 5*n = -118202, 12*h + 15*n = 10*h + 118082. What is the hundreds digit of h?
0
Suppose 335*q - 332*q - 120 = 0. Suppose 0 = o - 5, 4*m + 36*o - q*o - 456 = 0. What is the hundreds digit of m?
1
What is the thousands digit of (1 - 73)*95025/(-1050)?
6
Let w(m) = 235*m**2 - 42*m + 4 - 117*m**2 - 9 - 4 - 119*m**2. What is the tens digit of w(-37)?
7
Suppose 2*v + 71896 = 2*z, -24*v + 9*v = -14*v. What is the ten thousands digit of z?
3
Suppose -3*j = -n - 1 + 3, -4*j + 4 = -3*n. What is the tens digit of (200/6 + j)/((-16)/(-432))?
4
Let h(q) be the second derivative of -q**4/6 - 5*q**3/2 + 3*q**2 - q. Let x = 598 + -605. What is the units digit of h(x)?
3
Let w(i) = 18*i + 18. Let s be w(4). Suppose 2*z - 7*z + s = -2*m, 3*z = 0. What is the tens digit of 54/m*(-870)/9?
1
What is the hundreds digit of 10/2*-5686*-10*(-16)/(-320)?
2
What is the units digit of ((-285)/(-10))/((-18)/(-888))?
6
Suppose -4*g + 25752 = y + 2*y, 25752 = 4*g + 2*y. What is the hundreds digit of g?
4
Let j(c) = 92*c**2 - 35*c - 34. What is the tens digit of j(-2)?
0
Let l(m) = 2*m**3 + 3*m - 3. Let c be 2/5 + (-48)/(-30). Let z be l(c). Let i = -2 + z. What is the tens digit of i?
1
Suppose 6 = 3*g, -x - 35 = -8*g + 3*g. Let c = 45 - x. Suppose -3*i + 4*i = c. What is the units digit of i?
0
Suppose 0 = -2*x - 2*x - 256. Suppose -i - 70 = -2*t, 93 = 5*t - i - 79. Let g = t - x. What is the units digit of g?
8
Let n(g) = -11*g**3 + 3*g + 9. Let p = -41 + 38. Let t be n(p). Suppose 2*h + h = t. What is the units digit of h?
9
Let l(d) = d**3 + 18*d**2 + 9*d - 22. Let n be l(-17). Suppose -13*m = -19*m - n. Let f = 89 + m. What is the tens digit of f?
7
Let a be 0 - 3*(-3)/1. Suppose 0 = -4*v + 12, -5*d - v + a = -2*d. Suppose -3*o = 3*m - 75, 0 = -m + d*m + 3*o - 19. What is the tens digit of m?
2
Let f = -18 + 20. Suppose v = -4*y + 763, -f*v - 128 = -3*y + 447. Suppose 5*d - 2*u = y, -2*d + 2*u + 0*u + 74 = 0. What is the units digit of d?
9
Let g = 441 + -429. What is the hundreds digit of 6 + (-681)/g*-4?
2
Let k be ((-525)/125)/((-6)/20). Suppose -8*w - k*w = -3630. What is the hundreds digit of w?
1
Let p(w) = -54*w - 401. Let m(n) = -3*n**2 + 9*n - 25. Let q be m(0). What is the tens digit of p(q)?
4
Suppose 3*m - 68519 + 313205 = 3*q, -5*q + m + 407826 = 0. What is the thousands digit of q?
1
Let v(s) be the third derivative of -s**6/60 - 31*s**5/60 + 17*s**4/12 + 8*s**3 + 48*s**2. What is the tens digit of v(-18)?
5
Suppose -q - 2*v + 991 = 0, 4*v + 4030 - 90 = 4*q. Suppose -o - 815 + q = 0. What is the units digit of o?
2
Suppose 120 = 15*d - 10*d. Let l = d + -21. What is the units digit of 43 + (3 - 4) + l?
5
Suppose 2*y + 98085 = 2*k - 6767, 3*y - 104832 = -2*k. What is the thousands digit of k?
2
What is the hundreds digit of 102/(-14) - -6 - (-1735857)/63?
5
Let u(r) = -214*r + 10. Suppose c - 14 = 8*c. What is the hundreds digit of u(c)?
4
Let x be (-18)/27 - (-65)/3. Let p = 59 + x. Let n = p - 53. What is the units digit of n?
7
Let s be 0/((2 - 0) + 10 + -11). Suppose s = 6*r - 74 - 10. What is the hundreds digit of (r/21)/(1915/(-639) + 3)?
2
Let o be ((-1)/((-1)/(-9)))/(-1). Let k = 122 + 179. Suppose 2*t - o*t = -k. What is the tens digit of t?
4
Suppose -q + 3*a - 1159 = -8224, -4*q + 2*a + 28260 = 0. What is the thousands digit of q?
7
Suppose 19*u - 43 = 14. Suppose -3*j = 5*k - 738, 3*j - 768 = 8*k - u*k. What is the hundreds digit of j?
2
Suppose 4*v = 4*i + 8, v + 10 = i + 3*v. Let n be -4 + (i - 3 - -143). Suppose n = 19*h - 16*h. What is the tens digit of h?
4
Let j(n) = n**2 - 9*n - 36. Let p be j(12). Suppose p = 377*y - 376*y - 92. What is the units digit of y?
2
Suppose -3*t - 14*s - 11 = -12*s, 5*t - 26 = 3*s. Let w(i) = -11*i**2 + 19*i**2 + 24*i**2. What is the units digit of w(t)?
2
Let r(q) = -q**2 - 174*q**3 - 132*q**3 + q - 129*q**3 + 1 - 40*q**3. Let u be r(-1). Let f = u - 267. What is the units digit of f?
7
Let o(c) = -c**3 - 14*c**2 + 11*c - 20. Let x be o(-15). Suppose 37*r - x*r + 1236 = 0. What is the tens digit of r?
1
Let o be (-10)/(0 + (-4)/(-2)). Let s(f) = -9*f + 33. Let u(h) = 4*h - 16. Let q(r) = -6*s(r) - 14*u(r). What is the units digit of q(o)?
6
Suppose -29*z + 39*z - 5*u - 75880 = 0, -5*u + 30366 = 4*z. What is the tens digit of z?
8
Let n be 552*(1 - 2) - 6. Let g = n - -999. What is the units digit of g?
1
Suppose -9194 = -5*c - 3*m, m - 1309 = 3*c - 6831. Let x = c + -855. What is the tens digit of x?
8
Suppose -303045 = 3910*i - 3914*i - 3*m, 5*m = 2*i - 151581. What is the thousands digit of i?
5
Suppose 2*l = -a + 17460, 5*l = 88*a - 84*a + 43689. What is the units digit of l?
3
Let n = 43811 - 29837. What is the hundreds digit of n?
9
Let z = -3597 + 4259. What is the tens digit of z?
6
Let z(a) = 14*a - 107. Let g be ((-21)/(-8))/((-35)/(-280)). What is the units digit of z(g)?
7
Suppose -o = -3*o + 3*m - 21, 3*m - 33 = 4*o. Wh